*q - 60. Determine o(7).
31
Let c(m) = 14*m + 63. Give c(-4).
7
Let q(c) = 3*c**2 + 73*c + 1. Determine q(-24).
-23
Let l(j) = j**3 - 6*j**2 - 6*j + 9. Give l(6).
-27
Let j(t) = t**2 + 66*t + 1041. Calculate j(-40).
1
Let g(z) = -z**3 - 26*z**2 - 20*z + 126. Determine g(-25).
1
Let r(i) = 106*i**2 - 41*i + 39. What is r(1)?
104
Let z(c) = -215*c - 22571. What is z(-105)?
4
Let t(d) = -d**2 - 866*d - 5134. Give t(-6).
26
Let x(i) = -366*i - 1827. Determine x(-5).
3
Let b(k) = -7*k**2 - 17*k + 61. What is b(-6)?
-89
Let h(w) = -w**3 + 15*w**2 + 106*w + 47. What is h(20)?
167
Let r(m) = 2*m**3 + 105*m**2 + 52*m + 19. Determine r(-52).
19
Let v(f) = -31*f + 69. Calculate v(2).
7
Let t(a) = 15*a - 62. What is t(-9)?
-197
Let q(x) = 8*x + 182. Determine q(-28).
-42
Let y(o) = 8*o**3 - 278*o**2 - 72*o + 72. Give y(35).
2
Let y(o) = -4*o**3 + 858*o**2 + 432*o - 424. Determine y(215).
6
Let j(y) = -3*y**2 + 103*y - 724. Determine j(10).
6
Let g(u) = -126*u + 3281. What is g(26)?
5
Let l(u) = -195*u + 6050. Give l(31).
5
Let m(u) = -u**3 + u**2 - 11*u + 1. Determine m(-8).
665
Let a(l) = -1288*l + 16743. Determine a(13).
-1
Let x(u) = -403*u + 15649. Determine x(39).
-68
Let z(j) = -68*j**3 - 28*j**2 + 34*j - 4. Give z(1).
-66
Let d(f) = -f**3 - 55*f**2 + 103*f - 632. Determine d(-57).
-5
Let d(i) = -2*i**2 + 12*i + 137. Determine d(12).
-7
Let p(r) = -4*r**2 - 70*r - 246. Calculate p(-4).
-30
Let y(u) = -u**3 - 24*u**2 - 49*u + 573. Calculate y(-20).
-47
Let m(o) = 57*o + 1242. Determine m(-22).
-12
Let g(u) = 93*u + 67. Give g(12).
1183
Let y(s) = s**3 + 9*s**2 - 3*s - 86. Calculate y(-8).
2
Let b(j) = -j**3 + 44*j**2 - 81*j + 90. Calculate b(42).
216
Let s(c) = -157*c + 1732. Give s(11).
5
Let g(z) = -5*z**3 - 31*z**2 - 21*z + 37. Give g(-5).
-8
Let d(m) = m**2 - 19*m + 132. What is d(8)?
44
Let q(y) = -98*y - 479. Determine q(-5).
11
Let p(m) = 9*m**2 + 202*m - 1241. Give p(6).
295
Let c(y) = 12*y + 452. Give c(-39).
-16
Let c(l) = -l**3 - 21*l**2 - 34*l - 162. Give c(-20).
118
Let t(p) = -12*p**3 + 3*p**2 - 3*p + 3. Calculate t(3).
-303
Let t(s) = 1699*s - 37372. What is t(22)?
6
Let l(x) = -2*x**3 - 7*x**2 - x - 29. Determine l(-4).
-9
Let w(p) = -p**3 - 453*p**2 + 3691*p + 17. Give w(8).
41
Let c(l) = -l**3 - 9*l**2 - 4*l + 18. What is c(-7)?
-52
Let u(y) = 3*y**2 - 92*y - 185. Calculate u(30).
-245
Let x(k) = -2*k**3 + 11*k**2 + 44*k - 509. Give x(8).
-477
Let k(t) = -120*t**2 + 15242*t - 259. What is k(127)?
-5
Let c(z) = 199*z**2 + 2185*z - 18. Calculate c(-11).
26
Let f(y) = -3*y**2 + 114*y + 407. Determine f(41).
38
Let y(i) = -89*i - 295. Give y(-9).
506
Let f(m) = m**2 + 80*m - 2209. Determine f(22).
35
Let c(r) = -r**2 + 26*r - 28. Determine c(25).
-3
Let a(x) = x**2 - 143*x + 1672. Determine a(14).
-134
Let y(a) = 405*a**3 - 2*a**2 + 101*a + 103. Give y(-1).
-405
Let w(n) = -15*n**2 + 168*n - 33. What is w(11)?
0
Let y(x) = -19*x + 143. Give y(-9).
314
Let z(d) = 2*d**2 + 43*d + 101. Determine z(-16).
-75
Let a(u) = u**2 + 16*u - 83. Calculate a(-20).
-3
Let j(t) = t**3 + 12*t**2 + 3*t + 213. Give j(-13).
5
Let s(n) = -n**2 + 241*n + 15230. Calculate s(-52).
-6
Let u(h) = 3*h**2 - 95*h - 318. Determine u(35).
32
Let s(j) = j**3 - 6*j**2 + 8*j - 46. Determine s(6).
2
Let h(t) = -9*t**2 - 39*t - 41. Determine h(-5).
-71
Let g(p) = 12*p + 158. Determine g(11).
290
Let a(f) = 887*f + 1682. Give a(-2).
-92
Let o(k) = 72*k - 6090. What is o(85)?
30
Let w(h) = 7*h**3 + 8*h**2 + 2*h - 2. Calculate w(-3).
-125
Let n(l) = 85*l**3 - 125*l**2 - 124*l + 2. What is n(-1)?
-84
Let k(f) = -2*f**3 + 112*f**2 - 2*f + 99. Calculate k(56).
-13
Let k(n) = n**3 - 34*n**2 + 82*n + 348. What is k(31)?
7
Let i(d) = 27*d + 47. Determine i(0).
47
Let g(q) = -3*q**2 + 196*q + 1682. Give g(73).
3
Let h(m) = -m**2 - 112*m - 3442. Give h(-60).
-322
Let l(w) = 3*w**2 + 172*w - 3226. Give l(15).
29
Let d(g) = 369*g + 26208. Determine d(-71).
9
Let q(b) = b**2 + 183*b - 1134. Calculate q(6).
0
Let b(u) = u**3 - 9*u**2 + 292*u - 2644. Give b(9).
-16
Let b(a) = 6*a**3 - 5*a**2 + 63*a - 57. Calculate b(1).
7
Let g(q) = 29*q - 36. Give g(7).
167
Let o(l) = -610*l + 36596. What is o(60)?
-4
Let i(n) = -3*n**2 + 566*n - 567. Give i(1).
-4
Let o(t) = -332*t + 1385. Determine o(4).
57
Let u(k) = -k**2 - 20*k + 420. Give u(13).
-9
Let g(v) = 6*v - 57. Determine g(17).
45
Let u(j) = 16*j**2 - 162*j + 15. What is u(10)?
-5
Let w(u) = 2*u**3 - 40*u**2 - 87*u - 19. Calculate w(22).
3
Let n(t) = 39*t**2 - 312*t + 311. Give n(1).
38
Let b(r) = 4*r - 281. Calculate b(73).
11
Let o(q) = -5*q**2 + 63*q - 11. Give o(0).
-11
Let c(x) = -4*x**3 - 27*x**2 + 5*x - 54. Give c(-7).
-40
Let m(q) = q**2 - 26*q + 106. Determine m(18).
-38
Let q(k) = 8*k**2 + 24*k + 14. Determine q(-8).
334
Let u(p) = 130*p**2 + 6*p + 12. Give u(1).
148
Let v(w) = -w**3 + 20*w**2 + 507*w - 9990. Calculate v(19).
4
Let r(y) = -y**2 - 585*y + 10848. Calculate r(18).
-6
Let f(a) = 201*a - 375. Calculate f(2).
27
Let q(z) = -25*z - 78. What is q(-3)?
-3
Let z(k) = 82*k - 255. Calculate z(3).
-9
Let i(b) = 110*b + 5621. Determine i(-51).
11
Let q(i) = 94*i**2 + 896*i + 450. Calculate q(-9).
0
Let a(g) = 15*g + 262. Calculate a(-19).
-23
Let r(x) = 6*x - 16. What is r(2)?
-4
Let n(x) = 340*x - 3748. Calculate n(11).
-8
Let i(g) = -g**3 - 4*g**2 + g - 22. Give i(-5).
-2
Let m(x) = x**3 - 34*x**2 + 301*x - 800. Calculate m(22).
14
Let t(f) = f**3 + 2*f**2 - 2*f - 8. Determine t(-6).
-140
Let w(n) = -69*n - 295. Calculate w(-4).
-19
Let l(m) = 11*m**3 + 80*m**2 + 23*m + 13. What is l(-7)?
-1
Let r(l) = -3*l**2 - 29*l - 134. Give r(-6).
-68
Let t(j) = 6*j**2 - 9*j + 28. Determine t(0).
28
Let t(n) = -19*n - 328. Determine t(-26).
166
Let d(r) = -75*r**2 + 71*r - 2. Determine d(1).
-6
Let n(w) = -16*w - 69. What is n(-1)?
-53
Let a(i) = 199*i + 4730. Calculate a(-24).
-46
Let u(w) = -2519*w + 17615. What is u(7)?
-18
Let i(s) = -39*s - 20. Give i(-2).
58
Let y(x) = -4*x + 149. What is y(38)?
-3
Let a(m) = 135*m + 189. Give a(-2).
-81
Let r(c) = -35*c**2 + 9*c + 16. Calculate r(-2).
-142
Let u(j) = j**2 + 23*j - 146. What is u(5)?
-6
Let n(l) = -1623*l + 71400. What is n(44)?
-12
Let g(f) = -f**2 + 13*f - 31. Calculate g(4).
5
Let y(z) = -z + 26. Calculate y(-28).
54
Let i(n) = -7*n**2 - 154*n + 22. Determine i(-22).
22
Let j(d) = -d**2 - 56*d - 668. Determine j(-39).
-5
Let g(b) = b**3 + 54*b**2 + 220*b - 1222. Determine g(-49).
3
Let p(f) = 535*f + 4792. Calculate p(-9).
-23
Let w(g) = -g**2 - 455*g - 5333. Determine w(-12).
-17
Let g(c) = 29*c - 105. Determine g(-10).
-395
Let m(i) = -232*i + 41520. Determine m(179).
-8
Let k(y) = -34*y + 132. What is k(1)?
98
Let o(f) = f**3 + 15*f**2 - 35*f - 39. Calculate o(-17).
-22
Let n(c) = -c**3 - 40*c**2 - 27*c + 503. Give n(-39).
35
Let x(a) = 415*a + 10789. Calculate x(-26).
-1
Let o(f) = -269*f - 278. Determine o(-1).
-9
Let f(v) = -184*v + 363. Calculate f(2).
-5
Let d(v) = -v**3 - 18*v**2 + 14*v + 264. Calculate d(-18).
12
Let m(b) = -1149*b + 1123. Determine m(1).
-26
Let y(c) = c**3 + 3*c**2 + 5*c + 146. Determine y(-6).
8
Let s(i) = i**3 + 6*i**2 - 55*i - 325. What is s(-7)?
11
Let z(v) = -v**3 - 21*v**2 + 11*v + 226. What is z(-21)?
-5
Let y(r) = 46*r**3 + 5*r**2 - 6. What is y(-2)?
-354
Let g(r) = -5*r**2 - 823*r - 10275. Give g(-151).
-7
Let z(g) = 2*g**3 - 32*g**2 + 25*g - 26. Calculate z(15).
-101
Let w(j) = j**3 - 38*j**2 - 139*j - 6. Give w(-4).
-122
Let l(o) = -o**3 + 6*o**2 - 191*o + 1165. What is l(6)?
19
Let s(q) = 18*q**3 + 21*q**2 - 3*q - 11. Calculate s(-2).
-65
Let c(m) = 255*m - 3038. Calculate c(12).
22
Let s(d) = -d**3 - 20*d**2 + 17*d - 87. Determine s(-21).
-3
Let n(u) = 9*u**2 - 236*u - 1239. What is n(-5)?
166
Let k(r) = r**3 + 4*r**2 + 27*r + 21. Calculate k(-5).
-139
Let y(j) = -33*j**2 + 165*j - 3. What is y(5)?
-3
Let s(q) = 2*q**3 + 110*q**2 - 333*q + 1. Calculate s(3).
46
Let y(t) = 1080*t + 32394. What is y(-30)?
-6
Let a(r) = -r**2 + 1302*r + 18. Calculate a(0).
18
Let i(f) = 1528*f - 10699. What is i(7)?
-3
Let w(t) = 3*t**2 - 31*t + 11. What is w(10)?
1
Let k(t) = t**3 + 9*t**2 - 4*t - 82. What is k(0)?
-82
Let o(u) = -u**2 - 28*u - 159. Calculate o(-19).
12
Let o(y) = -3*y**3 - 134*y**2 + 35*y - 455. Determine o(-45).
-5
Let z(a) = -a**3